{"id":4915,"date":"2023-10-30T08:23:16","date_gmt":"2023-10-30T07:23:16","guid":{"rendered":"https:\/\/www.caret.pro\/webinars\/wbinar-title-lorem-ipsum-dolor-sitament-concetetur-10\/"},"modified":"2023-12-19T14:26:10","modified_gmt":"2023-12-19T13:26:10","slug":"demand-funkce-v-caret-ktera-automaticky-porovnava-auta-s-ostatnimi-trhy-v-evrope","status":"publish","type":"webinar","link":"https:\/\/www.caret.pro\/cs\/webinare\/demand-funkce-v-caret-ktera-automaticky-porovnava-auta-s-ostatnimi-trhy-v-evrope\/","title":{"rendered":"DEMAND &#8211; funkce v CARET, kter\u00e1 automaticky porovn\u00e1v\u00e1 auta s ostatn\u00edmi trhy v Evrop\u011b"},"content":{"rendered":"\n<p>Zveme v\u00e1s ke sledov\u00e1n\u00ed webin\u00e1\u0159e v angli\u010dtin\u011b<\/p>\n\n\n\n<p><\/p>\n\n\n\n<figure class=\"wp-block-video\"><video controls src=\"https:\/\/www.caret.pro\/wp-content\/uploads\/2023\/10\/CARET_PL_subtitle.mp4\"><\/video><\/figure>\n","protected":false},"template":"","acf":[],"yoast_head":"<!-- This site is optimized with the Yoast SEO plugin v22.6 - https:\/\/yoast.com\/wordpress\/plugins\/seo\/ -->\n<title>DEMAND - funkce v CARET, kter\u00e1 automaticky porovn\u00e1v\u00e1 auta s ostatn\u00edmi trhy v Evrop\u011b - Caret.Pro<\/title>\n<meta name=\"robots\" content=\"index, follow, max-snippet:-1, max-image-preview:large, max-video-preview:-1\" \/>\n<link rel=\"canonical\" href=\"https:\/\/www.caret.pro\/cs\/webinare\/demand-funkce-v-caret-ktera-automaticky-porovnava-auta-s-ostatnimi-trhy-v-evrope\/\" \/>\n<meta property=\"og:locale\" content=\"cs_CZ\" \/>\n<meta property=\"og:type\" content=\"article\" \/>\n<meta property=\"og:title\" content=\"DEMAND - funkce v CARET, kter\u00e1 automaticky porovn\u00e1v\u00e1 auta s ostatn\u00edmi trhy v Evrop\u011b - Caret.Pro\" \/>\n<meta property=\"og:description\" content=\"Zveme v\u00e1s ke sledov\u00e1n\u00ed webin\u00e1\u0159e v angli\u010dtin\u011b\" \/>\n<meta property=\"og:url\" content=\"https:\/\/www.caret.pro\/cs\/webinare\/demand-funkce-v-caret-ktera-automaticky-porovnava-auta-s-ostatnimi-trhy-v-evrope\/\" \/>\n<meta property=\"og:site_name\" content=\"Caret.Pro\" \/>\n<meta property=\"article:modified_time\" content=\"2023-12-19T13:26:10+00:00\" \/>\n<meta name=\"twitter:card\" content=\"summary_large_image\" \/>\n<meta name=\"twitter:label1\" content=\"Odhadovan\u00e1 doba \u010dten\u00ed\" \/>\n\t<meta name=\"twitter:data1\" content=\"1 minuta\" \/>\n<script type=\"application\/ld+json\" class=\"yoast-schema-graph\">{\"@context\":\"https:\/\/schema.org\",\"@graph\":[{\"@type\":\"WebPage\",\"@id\":\"https:\/\/www.caret.pro\/cs\/webinare\/demand-funkce-v-caret-ktera-automaticky-porovnava-auta-s-ostatnimi-trhy-v-evrope\/\",\"url\":\"https:\/\/www.caret.pro\/cs\/webinare\/demand-funkce-v-caret-ktera-automaticky-porovnava-auta-s-ostatnimi-trhy-v-evrope\/\",\"name\":\"DEMAND - funkce v CARET, kter\u00e1 automaticky porovn\u00e1v\u00e1 auta s ostatn\u00edmi trhy v Evrop\u011b - Caret.Pro\",\"isPartOf\":{\"@id\":\"https:\/\/www.caret.pro\/cs\/#website\"},\"datePublished\":\"2023-10-30T07:23:16+00:00\",\"dateModified\":\"2023-12-19T13:26:10+00:00\",\"breadcrumb\":{\"@id\":\"https:\/\/www.caret.pro\/cs\/webinare\/demand-funkce-v-caret-ktera-automaticky-porovnava-auta-s-ostatnimi-trhy-v-evrope\/#breadcrumb\"},\"inLanguage\":\"cs\",\"potentialAction\":[{\"@type\":\"ReadAction\",\"target\":[\"https:\/\/www.caret.pro\/cs\/webinare\/demand-funkce-v-caret-ktera-automaticky-porovnava-auta-s-ostatnimi-trhy-v-evrope\/\"]}]},{\"@type\":\"BreadcrumbList\",\"@id\":\"https:\/\/www.caret.pro\/cs\/webinare\/demand-funkce-v-caret-ktera-automaticky-porovnava-auta-s-ostatnimi-trhy-v-evrope\/#breadcrumb\",\"itemListElement\":[{\"@type\":\"ListItem\",\"position\":1,\"name\":\"Home\",\"item\":\"https:\/\/www.caret.pro\/cs\/\"},{\"@type\":\"ListItem\",\"position\":2,\"name\":\"Webinars\",\"item\":\"https:\/\/www.caret.pro\/cs\/webinare\/\"},{\"@type\":\"ListItem\",\"position\":3,\"name\":\"DEMAND &#8211; funkce v CARET, kter\u00e1 automaticky porovn\u00e1v\u00e1 auta s ostatn\u00edmi trhy v Evrop\u011b\"}]},{\"@type\":\"WebSite\",\"@id\":\"https:\/\/www.caret.pro\/cs\/#website\",\"url\":\"https:\/\/www.caret.pro\/cs\/\",\"name\":\"Caret.Pro\",\"description\":\"\",\"potentialAction\":[{\"@type\":\"SearchAction\",\"target\":{\"@type\":\"EntryPoint\",\"urlTemplate\":\"https:\/\/www.caret.pro\/cs\/?s={search_term_string}\"},\"query-input\":\"required name=search_term_string\"}],\"inLanguage\":\"cs\"}]}<\/script>\n<!-- \/ Yoast SEO plugin. -->","yoast_head_json":{"title":"DEMAND - funkce v CARET, kter\u00e1 automaticky porovn\u00e1v\u00e1 auta s ostatn\u00edmi trhy v Evrop\u011b - Caret.Pro","robots":{"index":"index","follow":"follow","max-snippet":"max-snippet:-1","max-image-preview":"max-image-preview:large","max-video-preview":"max-video-preview:-1"},"canonical":"https:\/\/www.caret.pro\/cs\/webinare\/demand-funkce-v-caret-ktera-automaticky-porovnava-auta-s-ostatnimi-trhy-v-evrope\/","og_locale":"cs_CZ","og_type":"article","og_title":"DEMAND - funkce v CARET, kter\u00e1 automaticky porovn\u00e1v\u00e1 auta s ostatn\u00edmi trhy v Evrop\u011b - Caret.Pro","og_description":"Zveme v\u00e1s ke sledov\u00e1n\u00ed webin\u00e1\u0159e v angli\u010dtin\u011b","og_url":"https:\/\/www.caret.pro\/cs\/webinare\/demand-funkce-v-caret-ktera-automaticky-porovnava-auta-s-ostatnimi-trhy-v-evrope\/","og_site_name":"Caret.Pro","article_modified_time":"2023-12-19T13:26:10+00:00","twitter_card":"summary_large_image","twitter_misc":{"Odhadovan\u00e1 doba \u010dten\u00ed":"1 minuta"},"schema":{"@context":"https:\/\/schema.org","@graph":[{"@type":"WebPage","@id":"https:\/\/www.caret.pro\/cs\/webinare\/demand-funkce-v-caret-ktera-automaticky-porovnava-auta-s-ostatnimi-trhy-v-evrope\/","url":"https:\/\/www.caret.pro\/cs\/webinare\/demand-funkce-v-caret-ktera-automaticky-porovnava-auta-s-ostatnimi-trhy-v-evrope\/","name":"DEMAND - funkce v CARET, kter\u00e1 automaticky porovn\u00e1v\u00e1 auta s ostatn\u00edmi trhy v Evrop\u011b - Caret.Pro","isPartOf":{"@id":"https:\/\/www.caret.pro\/cs\/#website"},"datePublished":"2023-10-30T07:23:16+00:00","dateModified":"2023-12-19T13:26:10+00:00","breadcrumb":{"@id":"https:\/\/www.caret.pro\/cs\/webinare\/demand-funkce-v-caret-ktera-automaticky-porovnava-auta-s-ostatnimi-trhy-v-evrope\/#breadcrumb"},"inLanguage":"cs","potentialAction":[{"@type":"ReadAction","target":["https:\/\/www.caret.pro\/cs\/webinare\/demand-funkce-v-caret-ktera-automaticky-porovnava-auta-s-ostatnimi-trhy-v-evrope\/"]}]},{"@type":"BreadcrumbList","@id":"https:\/\/www.caret.pro\/cs\/webinare\/demand-funkce-v-caret-ktera-automaticky-porovnava-auta-s-ostatnimi-trhy-v-evrope\/#breadcrumb","itemListElement":[{"@type":"ListItem","position":1,"name":"Home","item":"https:\/\/www.caret.pro\/cs\/"},{"@type":"ListItem","position":2,"name":"Webinars","item":"https:\/\/www.caret.pro\/cs\/webinare\/"},{"@type":"ListItem","position":3,"name":"DEMAND &#8211; funkce v CARET, kter\u00e1 automaticky porovn\u00e1v\u00e1 auta s ostatn\u00edmi trhy v Evrop\u011b"}]},{"@type":"WebSite","@id":"https:\/\/www.caret.pro\/cs\/#website","url":"https:\/\/www.caret.pro\/cs\/","name":"Caret.Pro","description":"","potentialAction":[{"@type":"SearchAction","target":{"@type":"EntryPoint","urlTemplate":"https:\/\/www.caret.pro\/cs\/?s={search_term_string}"},"query-input":"required name=search_term_string"}],"inLanguage":"cs"}]}},"_links":{"self":[{"href":"https:\/\/www.caret.pro\/cs\/wp-json\/wp\/v2\/webinar\/4915"}],"collection":[{"href":"https:\/\/www.caret.pro\/cs\/wp-json\/wp\/v2\/webinar"}],"about":[{"href":"https:\/\/www.caret.pro\/cs\/wp-json\/wp\/v2\/types\/webinar"}],"wp:attachment":[{"href":"https:\/\/www.caret.pro\/cs\/wp-json\/wp\/v2\/media?parent=4915"}],"curies":[{"name":"wp","href":"https:\/\/api.w.org\/{rel}","templated":true}]}}

DEMAND &#8211; funkce v CARET, která automaticky porovnává auta s ostatními trhy v Evropě

<p>Zveme vás ke sledování webináře v angličtině</p>



<p></p>



<figure class="wp-block-video"><video controls src="https://www.caret.pro/wp-content/uploads/2023/10/CARET_PL_subtitle.mp4"></video></figure>

<!-- This site is optimized with the Yoast SEO plugin v22.6 - https://yoast.com/wordpress/plugins/seo/ -->
<title>DEMAND - funkce v CARET, která automaticky porovnává auta s ostatními trhy v Evropě - Caret.Pro</title>
<meta name="robots" content="index, follow, max-snippet:-1, max-image-preview:large, max-video-preview:-1" />
<link rel="canonical" href="https://www.caret.pro/cs/webinare/demand-funkce-v-caret-ktera-automaticky-porovnava-auta-s-ostatnimi-trhy-v-evrope/" />
<meta property="og:locale" content="cs_CZ" />
<meta property="og:type" content="article" />
<meta property="og:title" content="DEMAND - funkce v CARET, která automaticky porovnává auta s ostatními trhy v Evropě - Caret.Pro" />
<meta property="og:description" content="Zveme vás ke sledování webináře v angličtině" />
<meta property="og:url" content="https://www.caret.pro/cs/webinare/demand-funkce-v-caret-ktera-automaticky-porovnava-auta-s-ostatnimi-trhy-v-evrope/" />
<meta property="og:site_name" content="Caret.Pro" />
<meta property="article:modified_time" content="2023-12-19T13:26:10+00:00" />
<meta name="twitter:card" content="summary_large_image" />
<meta name="twitter:label1" content="Odhadovaná doba čtení" />
	<meta name="twitter:data1" content="1 minuta" />
<script type="application/ld+json" class="yoast-schema-graph">{"@context":"https://schema.org","@graph":[{"@type":"WebPage","@id":"https://www.caret.pro/cs/webinare/demand-funkce-v-caret-ktera-automaticky-porovnava-auta-s-ostatnimi-trhy-v-evrope/","url":"https://www.caret.pro/cs/webinare/demand-funkce-v-caret-ktera-automaticky-porovnava-auta-s-ostatnimi-trhy-v-evrope/","name":"DEMAND - funkce v CARET, která automaticky porovnává auta s ostatními trhy v Evropě - Caret.Pro","isPartOf":{"@id":"https://www.caret.pro/cs/#website"},"datePublished":"2023-10-30T07:23:16+00:00","dateModified":"2023-12-19T13:26:10+00:00","breadcrumb":{"@id":"https://www.caret.pro/cs/webinare/demand-funkce-v-caret-ktera-automaticky-porovnava-auta-s-ostatnimi-trhy-v-evrope/#breadcrumb"},"inLanguage":"cs","potentialAction":[{"@type":"ReadAction","target":["https://www.caret.pro/cs/webinare/demand-funkce-v-caret-ktera-automaticky-porovnava-auta-s-ostatnimi-trhy-v-evrope/"]}]},{"@type":"BreadcrumbList","@id":"https://www.caret.pro/cs/webinare/demand-funkce-v-caret-ktera-automaticky-porovnava-auta-s-ostatnimi-trhy-v-evrope/#breadcrumb","itemListElement":[{"@type":"ListItem","position":1,"name":"Home","item":"https://www.caret.pro/cs/"},{"@type":"ListItem","position":2,"name":"Webinars","item":"https://www.caret.pro/cs/webinare/"},{"@type":"ListItem","position":3,"name":"DEMAND &#8211; funkce v CARET, která automaticky porovnává auta s ostatními trhy v Evropě"}]},{"@type":"WebSite","@id":"https://www.caret.pro/cs/#website","url":"https://www.caret.pro/cs/","name":"Caret.Pro","description":"","potentialAction":[{"@type":"SearchAction","target":{"@type":"EntryPoint","urlTemplate":"https://www.caret.pro/cs/?s={search_term_string}"},"query-input":"required name=search_term_string"}],"inLanguage":"cs"}]}</script>
<!-- / Yoast SEO plugin. -->

DEMAND - funkce v CARET, která automaticky porovnává auta s ostatními trhy v Evropě - Caret.Pro

Zveme vás ke sledování webináře v angličtině
