{"version":"1.0","provider_name":"Caret.Pro","provider_url":"https:\/\/www.caret.pro\/cs\/","author_name":"Anna Celmer","author_url":"https:\/\/www.caret.pro\/cs\/blog\/author\/anna-celmer\/","title":"Evropsk\u00fd parlament schv\u00e1lil nov\u00e9 emisn\u00ed normy pro vozidla\u00a0 - Caret.Pro","type":"rich","width":600,"height":338,"html":"<blockquote class=\"wp-embedded-content\" data-secret=\"DmWcpvmR50\"><a href=\"https:\/\/www.caret.pro\/cs\/blog\/evropsky-parlament-schvalil-nove-emisni-normy-pro-vozidla\/\">Evropsk\u00fd parlament schv\u00e1lil nov\u00e9 emisn\u00ed normy pro vozidla\u00a0<\/a><\/blockquote><iframe sandbox=\"allow-scripts\" security=\"restricted\" src=\"https:\/\/www.caret.pro\/cs\/blog\/evropsky-parlament-schvalil-nove-emisni-normy-pro-vozidla\/embed\/#?secret=DmWcpvmR50\" width=\"600\" height=\"338\" title=\"&#8222;Evropsk\u00fd parlament schv\u00e1lil nov\u00e9 emisn\u00ed normy pro vozidla\u00a0&#8220; &#8212; Caret.Pro\" data-secret=\"DmWcpvmR50\" frameborder=\"0\" marginwidth=\"0\" marginheight=\"0\" scrolling=\"no\" class=\"wp-embedded-content\"><\/iframe><script type=\"text\/javascript\">\n\/* <![CDATA[ *\/\n\/*! This file is auto-generated *\/\n!function(d,l){\"use strict\";l.querySelector&&d.addEventListener&&\"undefined\"!=typeof URL&&(d.wp=d.wp||{},d.wp.receiveEmbedMessage||(d.wp.receiveEmbedMessage=function(e){var t=e.data;if((t||t.secret||t.message||t.value)&&!\/[^a-zA-Z0-9]\/.test(t.secret)){for(var s,r,n,a=l.querySelectorAll('iframe[data-secret=\"'+t.secret+'\"]'),o=l.querySelectorAll('blockquote[data-secret=\"'+t.secret+'\"]'),c=new RegExp(\"^https?:$\",\"i\"),i=0;i<o.length;i++)o[i].style.display=\"none\";for(i=0;i<a.length;i++)s=a[i],e.source===s.contentWindow&&(s.removeAttribute(\"style\"),\"height\"===t.message?(1e3<(r=parseInt(t.value,10))?r=1e3:~~r<200&&(r=200),s.height=r):\"link\"===t.message&&(r=new URL(s.getAttribute(\"src\")),n=new URL(t.value),c.test(n.protocol))&&n.host===r.host&&l.activeElement===s&&(d.top.location.href=t.value))}},d.addEventListener(\"message\",d.wp.receiveEmbedMessage,!1),l.addEventListener(\"DOMContentLoaded\",function(){for(var e,t,s=l.querySelectorAll(\"iframe.wp-embedded-content\"),r=0;r<s.length;r++)(t=(e=s[r]).getAttribute(\"data-secret\"))||(t=Math.random().toString(36).substring(2,12),e.src+=\"#?secret=\"+t,e.setAttribute(\"data-secret\",t)),e.contentWindow.postMessage({message:\"ready\",secret:t},\"*\")},!1)))}(window,document);\n\/* ]]> *\/\n<\/script>\n","thumbnail_url":"https:\/\/www.caret.pro\/wp-content\/uploads\/2024\/04\/Projekt-bez-nazwy-2024-04-04T130050.205-1-1.jpg","thumbnail_width":1200,"thumbnail_height":627,"description":"Poslanci Evropsk\u00e9ho parlamentu schv\u00e1lili 13. b\u0159ezna 2024 nov\u00e9 pr\u00e1vn\u00ed p\u0159edpisy Evropsk\u00e9 unie (EU), kter\u00e9 maj\u00ed sn\u00ed\u017eit emise z osobn\u00edch automobil\u016f, dod\u00e1vek, autobus\u016f, n\u00e1kladn\u00edch vozidel a p\u0159\u00edv\u011bs\u016f. Pro lep\u0161\u00ed pochopen\u00ed obsahu \u010dl\u00e1nku za\u010dneme \u00favodem do t\u00e9matu &#8211; kontextem.&nbsp;&nbsp; Kontext&nbsp;&nbsp;10. listopadu 2022. Evropsk\u00e1 komise navrhla p\u0159\u00edsn\u011bj\u0161\u00ed emisn\u00ed normy pro vozidla se spalovac\u00edmi motory bez ohledu na druh [&hellip;]"}

Evropský parlament schválil nové emisní normy pro vozidla  - Caret.Pro

<blockquote class="wp-embedded-content" data-secret="DmWcpvmR50"><a href="https://www.caret.pro/cs/blog/evropsky-parlament-schvalil-nove-emisni-normy-pro-vozidla/">Evropský parlament schválil nové emisní normy pro vozidla </a></blockquote><iframe sandbox="allow-scripts" security="restricted" src="https://www.caret.pro/cs/blog/evropsky-parlament-schvalil-nove-emisni-normy-pro-vozidla/embed/#?secret=DmWcpvmR50" width="600" height="338" title="&#8222;Evropský parlament schválil nové emisní normy pro vozidla &#8220; &#8212; Caret.Pro" data-secret="DmWcpvmR50" frameborder="0" marginwidth="0" marginheight="0" scrolling="no" class="wp-embedded-content"></iframe><script type="text/javascript">
/* <![CDATA[ */
/*! This file is auto-generated */
!function(d,l){"use strict";l.querySelector&&d.addEventListener&&"undefined"!=typeof URL&&(d.wp=d.wp||{},d.wp.receiveEmbedMessage||(d.wp.receiveEmbedMessage=function(e){var t=e.data;if((t||t.secret||t.message||t.value)&&!/[^a-zA-Z0-9]/.test(t.secret)){for(var s,r,n,a=l.querySelectorAll('iframe[data-secret="'+t.secret+'"]'),o=l.querySelectorAll('blockquote[data-secret="'+t.secret+'"]'),c=new RegExp("^https?:$","i"),i=0;i<o.length;i++)o[i].style.display="none";for(i=0;i<a.length;i++)s=a[i],e.source===s.contentWindow&&(s.removeAttribute("style"),"height"===t.message?(1e3<(r=parseInt(t.value,10))?r=1e3:~~r<200&&(r=200),s.height=r):"link"===t.message&&(r=new URL(s.getAttribute("src")),n=new URL(t.value),c.test(n.protocol))&&n.host===r.host&&l.activeElement===s&&(d.top.location.href=t.value))}},d.addEventListener("message",d.wp.receiveEmbedMessage,!1),l.addEventListener("DOMContentLoaded",function(){for(var e,t,s=l.querySelectorAll("iframe.wp-embedded-content"),r=0;r<s.length;r++)(t=(e=s[r]).getAttribute("data-secret"))||(t=Math.random().toString(36).substring(2,12),e.src+="#?secret="+t,e.setAttribute("data-secret",t)),e.contentWindow.postMessage({message:"ready",secret:t},"*")},!1)))}(window,document);
/* ]]> */
</script>

Poslanci Evropského parlamentu schválili 13. března 2024 nové právní předpisy Evropské unie (EU), které mají snížit emise z osobních automobilů, dodávek, autobusů, nákladních vozidel a přívěsů. Pro lepší pochopení obsahu článku začneme úvodem do tématu &#8211; kontextem.&nbsp;&nbsp; Kontext&nbsp;&nbsp;10. listopadu 2022. Evropská komise navrhla přísnější emisní normy pro vozidla se spalovacími motory bez ohledu na druh [&hellip;]
